{"id":2134,"date":"2023-11-27T21:39:02","date_gmt":"2023-11-28T00:39:02","guid":{"rendered":"https:\/\/arrojoengenharia.com\/?page_id=2134"},"modified":"2023-11-27T21:41:01","modified_gmt":"2023-11-28T00:41:01","slug":"instituicao-de-condominio","status":"publish","type":"page","link":"https:\/\/arrojoengenharia.com\/?page_id=2134","title":{"rendered":"Institui\u00e7\u00e3o de condom\u00ednio"},"content":{"rendered":"\t\t<div data-elementor-type=\"wp-page\" data-elementor-id=\"2134\" class=\"elementor elementor-2134\">\n\t\t\t\t\t\t<section class=\"elementor-section elementor-top-section elementor-element elementor-element-548202d elementor-section-height-min-height elementor-section-boxed elementor-section-height-default elementor-section-items-middle\" data-id=\"548202d\" data-element_type=\"section\" data-settings=\"{&quot;background_background&quot;:&quot;classic&quot;}\">\n\t\t\t\t\t\t\t<div class=\"elementor-background-overlay\"><\/div>\n\t\t\t\t\t\t\t<div class=\"elementor-container elementor-column-gap-default\">\n\t\t\t\t\t<div class=\"elementor-column elementor-col-100 elementor-top-column elementor-element elementor-element-397fb41\" data-id=\"397fb41\" data-element_type=\"column\">\n\t\t\t<div class=\"elementor-widget-wrap elementor-element-populated\">\n\t\t\t\t\t\t<div class=\"elementor-element elementor-element-139f94e elementor-widget elementor-widget-heading\" data-id=\"139f94e\" data-element_type=\"widget\" data-widget_type=\"heading.default\">\n\t\t\t\t<div class=\"elementor-widget-container\">\n\t\t\t<h3 class=\"elementor-heading-title elementor-size-default\">Institui\u00e7\u00e3o de condom\u00ednio<\/h3>\t\t<\/div>\n\t\t\t\t<\/div>\n\t\t\t\t\t<\/div>\n\t\t<\/div>\n\t\t\t\t\t<\/div>\n\t\t<\/section>\n\t\t\t\t<section class=\"elementor-section elementor-top-section elementor-element elementor-element-1c75b42 elementor-section-height-min-height elementor-section-boxed elementor-section-height-default elementor-section-items-middle\" data-id=\"1c75b42\" data-element_type=\"section\" data-settings=\"{&quot;background_background&quot;:&quot;classic&quot;}\">\n\t\t\t\t\t\t<div class=\"elementor-container elementor-column-gap-default\">\n\t\t\t\t\t<div class=\"elementor-column elementor-col-100 elementor-top-column elementor-element elementor-element-e12b342\" data-id=\"e12b342\" data-element_type=\"column\">\n\t\t\t<div class=\"elementor-widget-wrap elementor-element-populated\">\n\t\t\t\t\t\t<div class=\"elementor-element elementor-element-78dbd66 elementor-widget elementor-widget-text-editor\" data-id=\"78dbd66\" data-element_type=\"widget\" data-widget_type=\"text-editor.default\">\n\t\t\t\t<div class=\"elementor-widget-container\">\n\t\t\t\t\t\t\t<p>A Institui\u00e7\u00e3o de Condom\u00ednio \u00e9 o procedimento legal pelo qual um terreno ou edifica\u00e7\u00e3o \u00e9 subdividido em unidades aut\u00f4nomas, cada uma delas sendo de propriedade de um indiv\u00edduo espec\u00edfico.<\/p><p>O principal prop\u00f3sito da Institui\u00e7\u00e3o de Condom\u00ednio \u00e9 viabilizar que v\u00e1rias pessoas compartilhem a propriedade de uma \u00e1rea espec\u00edfica, seja um edif\u00edcio ou um lote de terreno, de maneira organizada e harmoniosa, evitando conflitos.<\/p><p>Dessa maneira, cada propriet\u00e1rio det\u00e9m o direito exclusivo de usar e desfrutar de sua unidade aut\u00f4noma, ao mesmo tempo em que assume a responsabilidade pela manuten\u00e7\u00e3o e conserva\u00e7\u00e3o das \u00e1reas comuns.<\/p>\t\t\t\t\t\t<\/div>\n\t\t\t\t<\/div>\n\t\t\t\t\t<\/div>\n\t\t<\/div>\n\t\t\t\t\t<\/div>\n\t\t<\/section>\n\t\t\t\t<\/div>\n\t\t","protected":false},"excerpt":{"rendered":"<p>Institui\u00e7\u00e3o de condom\u00ednio A Institui\u00e7\u00e3o de Condom\u00ednio \u00e9 o procedimento legal pelo qual um terreno ou edifica\u00e7\u00e3o \u00e9 subdividido em unidades aut\u00f4nomas, cada uma delas sendo de propriedade de um indiv\u00edduo espec\u00edfico. O principal prop\u00f3sito da Institui\u00e7\u00e3o de Condom\u00ednio \u00e9 viabilizar que v\u00e1rias pessoas compartilhem a propriedade de uma \u00e1rea espec\u00edfica, seja um edif\u00edcio ou &hellip; <\/p>\n<p class=\"link-more\"><a href=\"https:\/\/arrojoengenharia.com\/?page_id=2134\" class=\"more-link\">Continue lendo<span class=\"screen-reader-text\"> &#8220;Institui\u00e7\u00e3o de condom\u00ednio&#8221;<\/span><\/a><\/p>\n","protected":false},"author":1,"featured_media":0,"parent":0,"menu_order":0,"comment_status":"closed","ping_status":"closed","template":"elementor_canvas","meta":{"_monsterinsights_skip_tracking":false,"_monsterinsights_sitenote_active":false,"_monsterinsights_sitenote_note":"","_monsterinsights_sitenote_category":0,"footnotes":""},"class_list":["post-2134","page","type-page","status-publish","hentry","entry"],"aioseo_notices":[],"_links":{"self":[{"href":"https:\/\/arrojoengenharia.com\/index.php?rest_route=\/wp\/v2\/pages\/2134","targetHints":{"allow":["GET"]}}],"collection":[{"href":"https:\/\/arrojoengenharia.com\/index.php?rest_route=\/wp\/v2\/pages"}],"about":[{"href":"https:\/\/arrojoengenharia.com\/index.php?rest_route=\/wp\/v2\/types\/page"}],"author":[{"embeddable":true,"href":"https:\/\/arrojoengenharia.com\/index.php?rest_route=\/wp\/v2\/users\/1"}],"replies":[{"embeddable":true,"href":"https:\/\/arrojoengenharia.com\/index.php?rest_route=%2Fwp%2Fv2%2Fcomments&post=2134"}],"version-history":[{"count":7,"href":"https:\/\/arrojoengenharia.com\/index.php?rest_route=\/wp\/v2\/pages\/2134\/revisions"}],"predecessor-version":[{"id":2143,"href":"https:\/\/arrojoengenharia.com\/index.php?rest_route=\/wp\/v2\/pages\/2134\/revisions\/2143"}],"wp:attachment":[{"href":"https:\/\/arrojoengenharia.com\/index.php?rest_route=%2Fwp%2Fv2%2Fmedia&parent=2134"}],"curies":[{"name":"wp","href":"https:\/\/api.w.org\/{rel}","templated":true}]}}