{"id":1526,"date":"2023-05-17T20:24:23","date_gmt":"2023-05-17T23:24:23","guid":{"rendered":"https:\/\/arrojoengenharia.com\/?page_id=1526"},"modified":"2023-05-17T20:25:15","modified_gmt":"2023-05-17T23:25:15","slug":"retificacao-administrativa-de-area-2","status":"publish","type":"page","link":"https:\/\/arrojoengenharia.com\/?page_id=1526","title":{"rendered":"Retifica\u00e7\u00e3o administrativa de \u00e1rea"},"content":{"rendered":"\t\t<div data-elementor-type=\"wp-page\" data-elementor-id=\"1526\" class=\"elementor elementor-1526\">\n\t\t\t\t\t\t<section class=\"elementor-section elementor-top-section elementor-element elementor-element-548202d elementor-section-height-min-height elementor-section-boxed elementor-section-height-default elementor-section-items-middle\" data-id=\"548202d\" data-element_type=\"section\" data-settings=\"{&quot;background_background&quot;:&quot;classic&quot;}\">\n\t\t\t\t\t\t\t<div class=\"elementor-background-overlay\"><\/div>\n\t\t\t\t\t\t\t<div class=\"elementor-container elementor-column-gap-default\">\n\t\t\t\t\t<div class=\"elementor-column elementor-col-100 elementor-top-column elementor-element elementor-element-397fb41\" data-id=\"397fb41\" data-element_type=\"column\">\n\t\t\t<div class=\"elementor-widget-wrap elementor-element-populated\">\n\t\t\t\t\t\t<div class=\"elementor-element elementor-element-139f94e elementor-widget elementor-widget-heading\" data-id=\"139f94e\" data-element_type=\"widget\" data-widget_type=\"heading.default\">\n\t\t\t\t<div class=\"elementor-widget-container\">\n\t\t\t<h3 class=\"elementor-heading-title elementor-size-default\">Retifica\u00e7\u00e3o administrativa de \u00e1rea<\/h3>\t\t<\/div>\n\t\t\t\t<\/div>\n\t\t\t\t\t<\/div>\n\t\t<\/div>\n\t\t\t\t\t<\/div>\n\t\t<\/section>\n\t\t\t\t<section class=\"elementor-section elementor-top-section elementor-element elementor-element-1c75b42 elementor-section-height-min-height elementor-section-boxed elementor-section-height-default elementor-section-items-middle\" data-id=\"1c75b42\" data-element_type=\"section\" data-settings=\"{&quot;background_background&quot;:&quot;classic&quot;}\">\n\t\t\t\t\t\t<div class=\"elementor-container elementor-column-gap-default\">\n\t\t\t\t\t<div class=\"elementor-column elementor-col-100 elementor-top-column elementor-element elementor-element-e12b342\" data-id=\"e12b342\" data-element_type=\"column\">\n\t\t\t<div class=\"elementor-widget-wrap elementor-element-populated\">\n\t\t\t\t\t\t<div class=\"elementor-element elementor-element-78dbd66 elementor-widget elementor-widget-text-editor\" data-id=\"78dbd66\" data-element_type=\"widget\" data-widget_type=\"text-editor.default\">\n\t\t\t\t<div class=\"elementor-widget-container\">\n\t\t\t\t\t\t\t<p>Quando a retifica\u00e7\u00e3o objetiva corrigir \u00e1rea ou medidas do im\u00f3vel, h\u00e1 a necessidade de se instruir processo junto ao Registro de Im\u00f3veis com requerimento, planta topogr\u00e1fica, memorial descritivo, ART e certid\u00e3o de confrontantes da Prefeitura local. Nesse caso, al\u00e9m da assinatura com reconhecimento do propriet\u00e1rio e do respons\u00e1vel t\u00e9cnico na planta e no memorial descritivo, h\u00e1 tamb\u00e9m a necessidade de assinatura de todos os propriet\u00e1rios ou posseiros dos im\u00f3veis vizinhos (confrontantes), com reconhecimento por semelhan\u00e7a.<br \/><br \/>Eventualmente, caso um dos confrontantes n\u00e3o seja localizado ou esteja dispon\u00edvel para assinar existem outros meios para se obter a anu\u00eancia: o vizinho poder\u00e1 ser notificado pessoalmente (caso sua localiza\u00e7\u00e3o seja conhecida) ou por edital.<\/p>\t\t\t\t\t\t<\/div>\n\t\t\t\t<\/div>\n\t\t\t\t\t<\/div>\n\t\t<\/div>\n\t\t\t\t\t<\/div>\n\t\t<\/section>\n\t\t\t\t<\/div>\n\t\t","protected":false},"excerpt":{"rendered":"<p>Retifica\u00e7\u00e3o administrativa de \u00e1rea Quando a retifica\u00e7\u00e3o objetiva corrigir \u00e1rea ou medidas do im\u00f3vel, h\u00e1 a necessidade de se instruir processo junto ao Registro de Im\u00f3veis com requerimento, planta topogr\u00e1fica, memorial descritivo, ART e certid\u00e3o de confrontantes da Prefeitura local. Nesse caso, al\u00e9m da assinatura com reconhecimento do propriet\u00e1rio e do respons\u00e1vel t\u00e9cnico na planta &hellip; <\/p>\n<p class=\"link-more\"><a href=\"https:\/\/arrojoengenharia.com\/?page_id=1526\" class=\"more-link\">Continue lendo<span class=\"screen-reader-text\"> &#8220;Retifica\u00e7\u00e3o administrativa de \u00e1rea&#8221;<\/span><\/a><\/p>\n","protected":false},"author":1,"featured_media":0,"parent":0,"menu_order":0,"comment_status":"closed","ping_status":"closed","template":"elementor_canvas","meta":{"_monsterinsights_skip_tracking":false,"_monsterinsights_sitenote_active":false,"_monsterinsights_sitenote_note":"","_monsterinsights_sitenote_category":0,"footnotes":""},"class_list":["post-1526","page","type-page","status-publish","hentry","entry"],"aioseo_notices":[],"_links":{"self":[{"href":"https:\/\/arrojoengenharia.com\/index.php?rest_route=\/wp\/v2\/pages\/1526","targetHints":{"allow":["GET"]}}],"collection":[{"href":"https:\/\/arrojoengenharia.com\/index.php?rest_route=\/wp\/v2\/pages"}],"about":[{"href":"https:\/\/arrojoengenharia.com\/index.php?rest_route=\/wp\/v2\/types\/page"}],"author":[{"embeddable":true,"href":"https:\/\/arrojoengenharia.com\/index.php?rest_route=\/wp\/v2\/users\/1"}],"replies":[{"embeddable":true,"href":"https:\/\/arrojoengenharia.com\/index.php?rest_route=%2Fwp%2Fv2%2Fcomments&post=1526"}],"version-history":[{"count":4,"href":"https:\/\/arrojoengenharia.com\/index.php?rest_route=\/wp\/v2\/pages\/1526\/revisions"}],"predecessor-version":[{"id":1530,"href":"https:\/\/arrojoengenharia.com\/index.php?rest_route=\/wp\/v2\/pages\/1526\/revisions\/1530"}],"wp:attachment":[{"href":"https:\/\/arrojoengenharia.com\/index.php?rest_route=%2Fwp%2Fv2%2Fmedia&parent=1526"}],"curies":[{"name":"wp","href":"https:\/\/api.w.org\/{rel}","templated":true}]}}