{"id":1229,"date":"2023-03-25T14:18:32","date_gmt":"2023-03-25T17:18:32","guid":{"rendered":"https:\/\/arrojoengenharia.com\/?page_id=1229"},"modified":"2023-05-16T16:22:54","modified_gmt":"2023-05-16T19:22:54","slug":"lts-laudo-tecnico-de-seguranca-e-estabilidade","status":"publish","type":"page","link":"https:\/\/arrojoengenharia.com\/?page_id=1229","title":{"rendered":"LTS &#8211; Laudo t\u00e9cnico de seguran\u00e7a e estabilidade"},"content":{"rendered":"\t\t<div data-elementor-type=\"wp-page\" data-elementor-id=\"1229\" class=\"elementor elementor-1229\">\n\t\t\t\t\t\t<section class=\"elementor-section elementor-top-section elementor-element elementor-element-548202d elementor-section-height-min-height elementor-section-boxed elementor-section-height-default elementor-section-items-middle\" data-id=\"548202d\" data-element_type=\"section\" data-settings=\"{&quot;background_background&quot;:&quot;classic&quot;}\">\n\t\t\t\t\t\t\t<div class=\"elementor-background-overlay\"><\/div>\n\t\t\t\t\t\t\t<div class=\"elementor-container elementor-column-gap-default\">\n\t\t\t\t\t<div class=\"elementor-column elementor-col-100 elementor-top-column elementor-element elementor-element-397fb41\" data-id=\"397fb41\" data-element_type=\"column\">\n\t\t\t<div class=\"elementor-widget-wrap elementor-element-populated\">\n\t\t\t\t\t\t<div class=\"elementor-element elementor-element-139f94e elementor-widget elementor-widget-heading\" data-id=\"139f94e\" data-element_type=\"widget\" data-widget_type=\"heading.default\">\n\t\t\t\t<div class=\"elementor-widget-container\">\n\t\t\t<h3 class=\"elementor-heading-title elementor-size-default\">Laudo t\u00e9cnico de seguran\u00e7a e estabilidade<\/h3>\t\t<\/div>\n\t\t\t\t<\/div>\n\t\t\t\t\t<\/div>\n\t\t<\/div>\n\t\t\t\t\t<\/div>\n\t\t<\/section>\n\t\t\t\t<section class=\"elementor-section elementor-top-section elementor-element elementor-element-1c75b42 elementor-section-height-min-height elementor-section-boxed elementor-section-height-default elementor-section-items-middle\" data-id=\"1c75b42\" data-element_type=\"section\" data-settings=\"{&quot;background_background&quot;:&quot;classic&quot;}\">\n\t\t\t\t\t\t<div class=\"elementor-container elementor-column-gap-default\">\n\t\t\t\t\t<div class=\"elementor-column elementor-col-100 elementor-top-column elementor-element elementor-element-e12b342\" data-id=\"e12b342\" data-element_type=\"column\">\n\t\t\t<div class=\"elementor-widget-wrap elementor-element-populated\">\n\t\t\t\t\t\t<div class=\"elementor-element elementor-element-78dbd66 elementor-widget elementor-widget-text-editor\" data-id=\"78dbd66\" data-element_type=\"widget\" data-widget_type=\"text-editor.default\">\n\t\t\t\t<div class=\"elementor-widget-container\">\n\t\t\t\t\t\t\t<ol>\n<li style=\"list-style-type: none;\">\n<p><strong>Objetivo<\/strong>: O Laudo T\u00e9cnico de Seguran\u00e7a e Estabilidade\u00a0\u00e9 um documento que atesta as condi\u00e7\u00f5es dos elementos estruturais da edifica\u00e7\u00e3o, conforme as exig\u00eancias e padr\u00f5es dos munic\u00edpios. A finalidade do documento \u00e9 garantir a seguran\u00e7a das pessoas que trabalham ou frequentam estes pr\u00e9dios.<\/p>\n<p><strong>Considera\u00e7\u00f5es<\/strong>: O Laudo de Estabilidade, cont\u00e9m diversos pontos de observa\u00e7\u00e3o, e \u00e9 emitido por arquiteto ou engenheiro civil, mediante visita t\u00e9cnica e constata\u00e7\u00e3o da estabilidade e seguran\u00e7a do pr\u00e9dio. Caso ocorra algum sinistro como, desabamento, o profissional que emitiu o laudo poder\u00e1 ser responsabilizado civil e criminalmente. Entretanto, caso o propriet\u00e1rio n\u00e3o tenha este laudo, \u00e9 ele quem assume as responsabilidades.<\/p>\n<p>Em geral, estes laudos t\u00eam validade de um at\u00e9 dois anos. E a n\u00e3o regulamenta\u00e7\u00e3o do Laudo T\u00e9cnico pode ocasionar multas ao propriet\u00e1rio da edifica\u00e7\u00e3o, bloqueio de alvar\u00e1s de funcionamento e at\u00e9 interdi\u00e7\u00e3o da edifica\u00e7\u00e3o.<\/p>\n<p>\u00a0<\/p>\n<p><strong>Prazo m\u00e9dio de entrega<\/strong>: 5 dias \u00fateis.<\/p>\n<\/li>\n<\/ol>\t\t\t\t\t\t<\/div>\n\t\t\t\t<\/div>\n\t\t\t\t\t<\/div>\n\t\t<\/div>\n\t\t\t\t\t<\/div>\n\t\t<\/section>\n\t\t\t\t<\/div>\n\t\t","protected":false},"excerpt":{"rendered":"<p>Laudo t\u00e9cnico de seguran\u00e7a e estabilidade Objetivo: O Laudo T\u00e9cnico de Seguran\u00e7a e Estabilidade\u00a0\u00e9 um documento que atesta as condi\u00e7\u00f5es dos elementos estruturais da edifica\u00e7\u00e3o, conforme as exig\u00eancias e padr\u00f5es dos munic\u00edpios. A finalidade do documento \u00e9 garantir a seguran\u00e7a das pessoas que trabalham ou frequentam estes pr\u00e9dios. Considera\u00e7\u00f5es: O Laudo de Estabilidade, cont\u00e9m diversos &hellip; <\/p>\n<p class=\"link-more\"><a href=\"https:\/\/arrojoengenharia.com\/?page_id=1229\" class=\"more-link\">Continue lendo<span class=\"screen-reader-text\"> &#8220;LTS &#8211; Laudo t\u00e9cnico de seguran\u00e7a e estabilidade&#8221;<\/span><\/a><\/p>\n","protected":false},"author":1,"featured_media":0,"parent":0,"menu_order":0,"comment_status":"closed","ping_status":"closed","template":"elementor_canvas","meta":{"_monsterinsights_skip_tracking":false,"_monsterinsights_sitenote_active":false,"_monsterinsights_sitenote_note":"","_monsterinsights_sitenote_category":0,"footnotes":""},"class_list":["post-1229","page","type-page","status-publish","hentry","entry"],"aioseo_notices":[],"_links":{"self":[{"href":"https:\/\/arrojoengenharia.com\/index.php?rest_route=\/wp\/v2\/pages\/1229","targetHints":{"allow":["GET"]}}],"collection":[{"href":"https:\/\/arrojoengenharia.com\/index.php?rest_route=\/wp\/v2\/pages"}],"about":[{"href":"https:\/\/arrojoengenharia.com\/index.php?rest_route=\/wp\/v2\/types\/page"}],"author":[{"embeddable":true,"href":"https:\/\/arrojoengenharia.com\/index.php?rest_route=\/wp\/v2\/users\/1"}],"replies":[{"embeddable":true,"href":"https:\/\/arrojoengenharia.com\/index.php?rest_route=%2Fwp%2Fv2%2Fcomments&post=1229"}],"version-history":[{"count":13,"href":"https:\/\/arrojoengenharia.com\/index.php?rest_route=\/wp\/v2\/pages\/1229\/revisions"}],"predecessor-version":[{"id":1369,"href":"https:\/\/arrojoengenharia.com\/index.php?rest_route=\/wp\/v2\/pages\/1229\/revisions\/1369"}],"wp:attachment":[{"href":"https:\/\/arrojoengenharia.com\/index.php?rest_route=%2Fwp%2Fv2%2Fmedia&parent=1229"}],"curies":[{"name":"wp","href":"https:\/\/api.w.org\/{rel}","templated":true}]}}