{"id":1221,"date":"2023-03-25T14:14:53","date_gmt":"2023-03-25T17:14:53","guid":{"rendered":"https:\/\/arrojoengenharia.com\/?page_id=1221"},"modified":"2024-07-04T15:43:15","modified_gmt":"2024-07-04T18:43:15","slug":"laudo-de-patologias-e-danos-construtivos","status":"publish","type":"page","link":"https:\/\/arrojoengenharia.com\/?page_id=1221","title":{"rendered":"Laudo de manifesta\u00e7\u00f5es patol\u00f3gicas e danos construtivos"},"content":{"rendered":"\t\t<div data-elementor-type=\"wp-page\" data-elementor-id=\"1221\" class=\"elementor elementor-1221\">\n\t\t\t\t\t\t<section class=\"elementor-section elementor-top-section elementor-element elementor-element-548202d elementor-section-height-min-height elementor-section-boxed elementor-section-height-default elementor-section-items-middle\" data-id=\"548202d\" data-element_type=\"section\" data-settings=\"{&quot;background_background&quot;:&quot;classic&quot;}\">\n\t\t\t\t\t\t\t<div class=\"elementor-background-overlay\"><\/div>\n\t\t\t\t\t\t\t<div class=\"elementor-container elementor-column-gap-default\">\n\t\t\t\t\t<div class=\"elementor-column elementor-col-100 elementor-top-column elementor-element elementor-element-397fb41\" data-id=\"397fb41\" data-element_type=\"column\">\n\t\t\t<div class=\"elementor-widget-wrap elementor-element-populated\">\n\t\t\t\t\t\t<div class=\"elementor-element elementor-element-139f94e elementor-widget elementor-widget-heading\" data-id=\"139f94e\" data-element_type=\"widget\" data-widget_type=\"heading.default\">\n\t\t\t\t<div class=\"elementor-widget-container\">\n\t\t\t<h3 class=\"elementor-heading-title elementor-size-default\">Laudo de manifesta\u00e7\u00f5es patol\u00f3gicas e danos construtivos<\/h3>\t\t<\/div>\n\t\t\t\t<\/div>\n\t\t\t\t\t<\/div>\n\t\t<\/div>\n\t\t\t\t\t<\/div>\n\t\t<\/section>\n\t\t\t\t<section class=\"elementor-section elementor-top-section elementor-element elementor-element-1c75b42 elementor-section-height-min-height elementor-section-boxed elementor-section-height-default elementor-section-items-middle\" data-id=\"1c75b42\" data-element_type=\"section\" data-settings=\"{&quot;background_background&quot;:&quot;classic&quot;}\">\n\t\t\t\t\t\t<div class=\"elementor-container elementor-column-gap-default\">\n\t\t\t\t\t<div class=\"elementor-column elementor-col-100 elementor-top-column elementor-element elementor-element-e12b342\" data-id=\"e12b342\" data-element_type=\"column\">\n\t\t\t<div class=\"elementor-widget-wrap elementor-element-populated\">\n\t\t\t\t\t\t<div class=\"elementor-element elementor-element-78dbd66 elementor-widget elementor-widget-text-editor\" data-id=\"78dbd66\" data-element_type=\"widget\" data-widget_type=\"text-editor.default\">\n\t\t\t\t<div class=\"elementor-widget-container\">\n\t\t\t\t\t\t\t<ol><li style=\"list-style-type: none;\"><p><strong>Objetivo:<\/strong> Laudo elaborado com objetivo de identificar, diagnosticar, avaliar e atestar patologias, v\u00edcios e\u00a0falhas construtivas\u00a0em edifica\u00e7\u00f5es, indicando as devidas medidas corretivas a serem adotadas em conformidade\u00a0com as normas t\u00e9cnicas reguladoras da NBR\/ABNT e legisla\u00e7\u00f5es pertinentes.<\/p><p><strong>Metodologia<\/strong>: An\u00e1lise da\u00a0edifica\u00e7\u00e3o, objeto de per\u00edcia, est\u00e1 baseada de forma\u00a0n\u00e3o destrutiva\u00a0e identificadas no relat\u00f3rio t\u00e9cnico, tendo como resultado \u00e0\u00a0an\u00e1lise t\u00e9cnica do fato ou da condi\u00e7\u00e3o relativa \u00e0 estrutura, mediante a verifica\u00e7\u00e3o \u201cin loco\u201d, voltado sempre\u00a0para o enfoque da seguran\u00e7a e da manuten\u00e7\u00e3o predial, de acordo com diretrizes da norma NBR 13.752 \/ 1996 \u2013 Per\u00edcias de Engenharia na Constru\u00e7\u00e3o Civil;<\/p><p><strong>Prazo m\u00e9dio de entrega:<\/strong><\/p><p>A consultar.<\/p><\/li><\/ol>\t\t\t\t\t\t<\/div>\n\t\t\t\t<\/div>\n\t\t\t\t\t<\/div>\n\t\t<\/div>\n\t\t\t\t\t<\/div>\n\t\t<\/section>\n\t\t\t\t<\/div>\n\t\t","protected":false},"excerpt":{"rendered":"<p>Laudo de manifesta\u00e7\u00f5es patol\u00f3gicas e danos construtivos Objetivo: Laudo elaborado com objetivo de identificar, diagnosticar, avaliar e atestar patologias, v\u00edcios e\u00a0falhas construtivas\u00a0em edifica\u00e7\u00f5es, indicando as devidas medidas corretivas a serem adotadas em conformidade\u00a0com as normas t\u00e9cnicas reguladoras da NBR\/ABNT e legisla\u00e7\u00f5es pertinentes. Metodologia: An\u00e1lise da\u00a0edifica\u00e7\u00e3o, objeto de per\u00edcia, est\u00e1 baseada de forma\u00a0n\u00e3o destrutiva\u00a0e identificadas no &hellip; <\/p>\n<p class=\"link-more\"><a href=\"https:\/\/arrojoengenharia.com\/?page_id=1221\" class=\"more-link\">Continue lendo<span class=\"screen-reader-text\"> &#8220;Laudo de manifesta\u00e7\u00f5es patol\u00f3gicas e danos construtivos&#8221;<\/span><\/a><\/p>\n","protected":false},"author":1,"featured_media":0,"parent":0,"menu_order":0,"comment_status":"closed","ping_status":"closed","template":"elementor_canvas","meta":{"_monsterinsights_skip_tracking":false,"_monsterinsights_sitenote_active":false,"_monsterinsights_sitenote_note":"","_monsterinsights_sitenote_category":0,"footnotes":""},"class_list":["post-1221","page","type-page","status-publish","hentry","entry"],"aioseo_notices":[],"_links":{"self":[{"href":"https:\/\/arrojoengenharia.com\/index.php?rest_route=\/wp\/v2\/pages\/1221","targetHints":{"allow":["GET"]}}],"collection":[{"href":"https:\/\/arrojoengenharia.com\/index.php?rest_route=\/wp\/v2\/pages"}],"about":[{"href":"https:\/\/arrojoengenharia.com\/index.php?rest_route=\/wp\/v2\/types\/page"}],"author":[{"embeddable":true,"href":"https:\/\/arrojoengenharia.com\/index.php?rest_route=\/wp\/v2\/users\/1"}],"replies":[{"embeddable":true,"href":"https:\/\/arrojoengenharia.com\/index.php?rest_route=%2Fwp%2Fv2%2Fcomments&post=1221"}],"version-history":[{"count":14,"href":"https:\/\/arrojoengenharia.com\/index.php?rest_route=\/wp\/v2\/pages\/1221\/revisions"}],"predecessor-version":[{"id":2217,"href":"https:\/\/arrojoengenharia.com\/index.php?rest_route=\/wp\/v2\/pages\/1221\/revisions\/2217"}],"wp:attachment":[{"href":"https:\/\/arrojoengenharia.com\/index.php?rest_route=%2Fwp%2Fv2%2Fmedia&parent=1221"}],"curies":[{"name":"wp","href":"https:\/\/api.w.org\/{rel}","templated":true}]}}

Laudo de manifestações patológicas e danos construtivos

<div data-elementor-type="wp-page" data-elementor-id="1221" class="elementor elementor-1221">
						<section class="elementor-section elementor-top-section elementor-element elementor-element-548202d elementor-section-height-min-height elementor-section-boxed elementor-section-height-default elementor-section-items-middle" data-id="548202d" data-element_type="section" data-settings="{&quot;background_background&quot;:&quot;classic&quot;}">
							<div class="elementor-background-overlay"></div>
							<div class="elementor-container elementor-column-gap-default">
					<div class="elementor-column elementor-col-100 elementor-top-column elementor-element elementor-element-397fb41" data-id="397fb41" data-element_type="column">
			<div class="elementor-widget-wrap elementor-element-populated">
						<div class="elementor-element elementor-element-139f94e elementor-widget elementor-widget-heading" data-id="139f94e" data-element_type="widget" data-widget_type="heading.default">
				<div class="elementor-widget-container">
			<h3 class="elementor-heading-title elementor-size-default">Laudo de manifestações patológicas e danos construtivos</h3>		</div>
				</div>
					</div>
		</div>
					</div>
		</section>
				<section class="elementor-section elementor-top-section elementor-element elementor-element-1c75b42 elementor-section-height-min-height elementor-section-boxed elementor-section-height-default elementor-section-items-middle" data-id="1c75b42" data-element_type="section" data-settings="{&quot;background_background&quot;:&quot;classic&quot;}">
						<div class="elementor-container elementor-column-gap-default">
					<div class="elementor-column elementor-col-100 elementor-top-column elementor-element elementor-element-e12b342" data-id="e12b342" data-element_type="column">
			<div class="elementor-widget-wrap elementor-element-populated">
						<div class="elementor-element elementor-element-78dbd66 elementor-widget elementor-widget-text-editor" data-id="78dbd66" data-element_type="widget" data-widget_type="text-editor.default">
				<div class="elementor-widget-container">
							<ol><li style="list-style-type: none;"><p><strong>Objetivo:</strong> Laudo elaborado com objetivo de identificar, diagnosticar, avaliar e atestar patologias, vícios e falhas construtivas em edificações, indicando as devidas medidas corretivas a serem adotadas em conformidade com as normas técnicas reguladoras da NBR/ABNT e legislações pertinentes.</p><p><strong>Metodologia</strong>: Análise da edificação, objeto de perícia, está baseada de forma não destrutiva e identificadas no relatório técnico, tendo como resultado à análise técnica do fato ou da condição relativa à estrutura, mediante a verificação “in loco”, voltado sempre para o enfoque da segurança e da manutenção predial, de acordo com diretrizes da norma NBR 13.752 / 1996 – Perícias de Engenharia na Construção Civil;</p><p><strong>Prazo médio de entrega:</strong></p><p>A consultar.</p></li></ol>						</div>
				</div>
					</div>
		</div>
					</div>
		</section>
				</div>

<p>Laudo de manifestações patológicas e danos construtivos Objetivo: Laudo elaborado com objetivo de identificar, diagnosticar, avaliar e atestar patologias, vícios e falhas construtivas em edificações, indicando as devidas medidas corretivas a serem adotadas em conformidade com as normas técnicas reguladoras da NBR/ABNT e legislações pertinentes. Metodologia: Análise da edificação, objeto de perícia, está baseada de forma não destrutiva e identificadas no &hellip; </p>
<p class="link-more"><a href="https://arrojoengenharia.com/?page_id=1221" class="more-link">Continue lendo<span class="screen-reader-text"> &#8220;Laudo de manifestações patológicas e danos construtivos&#8221;</span></a></p>
